{"id":679,"date":"2023-11-30T12:59:31","date_gmt":"2023-11-30T11:59:31","guid":{"rendered":"https:\/\/sirventes.de\/de\/event\/noonsong-event-2023-09-09\/"},"modified":"2023-11-30T12:59:31","modified_gmt":"2023-11-30T11:59:31","slug":"noonsong-event-2023-09-09","status":"publish","type":"tribe_events","link":"https:\/\/sirventes.de\/en\/event\/noonsong-event-2023-09-09\/","title":{"rendered":"637. NoonSong am 09.09.2023 um 12:00"},"content":{"rendered":"<p>Bitte besuchen Sie die <a href=\"https:\/\/noonsong.de\/event\/noonsong-event-2023-09-09\/\" target=\"_blank\" rel=\"noopener\">NoonSong-Website<\/a> f\u00fcr weitere Informationen zu dieser Veranstaltung!<\/p>\n","protected":false},"excerpt":{"rendered":"<p>Bitte besuchen Sie die <a href='https:\/\/noonsong.de\/event\/noonsong-event-2023-09-09\/'>NoonSong-Website<\/a> f\u00fcr weitere Informationen zu dieser Veranstaltung!<\/p>\n<p>Festliche Chormusik der Renaissance erklingt in diesem NoonSong. W\u00e4hrend die Musik des p\u00e4pstlichen Komponisten Palestrina zum Inbegriff katholischer Kirchenmusik wurde, sind die \u00e4hnlich meisterlichen Kompositionen des Spaniers da Victoria heute kaum bekannt. Die Werke dieses Nachfolgers Palestrinas zeichnen sich durch Klangsch\u00f6nheit und Ausdrucksst\u00e4rke aus. Erstmals im NoonSong wird die Psalmvertonung &#8220;O dieu&#8221; des Amsterdamer Komponisten Sweelinck erklingen. Diese Musik f\u00fcr Konzert oder private Andacht ist deutlich progressiver als die seiner katholischen Kollegen. <\/p>\n","protected":false},"author":16,"featured_media":0,"template":"","meta":{"_et_pb_use_builder":"","_et_pb_old_content":"","_et_gb_content_width":"","_tribe_events_status":"","_tribe_events_status_reason":"","footnotes":""},"tags":[],"tribe_events_cat":[],"class_list":["post-679","tribe_events","type-tribe_events","status-publish","hentry"],"acf":[],"_links":{"self":[{"href":"https:\/\/sirventes.de\/en\/wp-json\/wp\/v2\/tribe_events\/679","targetHints":{"allow":["GET"]}}],"collection":[{"href":"https:\/\/sirventes.de\/en\/wp-json\/wp\/v2\/tribe_events"}],"about":[{"href":"https:\/\/sirventes.de\/en\/wp-json\/wp\/v2\/types\/tribe_events"}],"author":[{"embeddable":true,"href":"https:\/\/sirventes.de\/en\/wp-json\/wp\/v2\/users\/16"}],"version-history":[{"count":0,"href":"https:\/\/sirventes.de\/en\/wp-json\/wp\/v2\/tribe_events\/679\/revisions"}],"wp:attachment":[{"href":"https:\/\/sirventes.de\/en\/wp-json\/wp\/v2\/media?parent=679"}],"wp:term":[{"taxonomy":"post_tag","embeddable":true,"href":"https:\/\/sirventes.de\/en\/wp-json\/wp\/v2\/tags?post=679"},{"taxonomy":"tribe_events_cat","embeddable":true,"href":"https:\/\/sirventes.de\/en\/wp-json\/wp\/v2\/tribe_events_cat?post=679"}],"curies":[{"name":"wp","href":"https:\/\/api.w.org\/{rel}","templated":true}]}}

<p>Bitte besuchen Sie die <a href="https://noonsong.de/event/noonsong-event-2023-09-09/" target="_blank" rel="noopener">NoonSong-Website</a> für weitere Informationen zu dieser Veranstaltung!</p>

<p>Bitte besuchen Sie die <a href='https://noonsong.de/event/noonsong-event-2023-09-09/'>NoonSong-Website</a> für weitere Informationen zu dieser Veranstaltung!</p>
<p>Festliche Chormusik der Renaissance erklingt in diesem NoonSong. Während die Musik des päpstlichen Komponisten Palestrina zum Inbegriff katholischer Kirchenmusik wurde, sind die ähnlich meisterlichen Kompositionen des Spaniers da Victoria heute kaum bekannt. Die Werke dieses Nachfolgers Palestrinas zeichnen sich durch Klangschönheit und Ausdrucksstärke aus. Erstmals im NoonSong wird die Psalmvertonung &#8220;O dieu&#8221; des Amsterdamer Komponisten Sweelinck erklingen. Diese Musik für Konzert oder private Andacht ist deutlich progressiver als die seiner katholischen Kollegen. </p>
